-2*o. Let j(q) = q**3 + 4*q**2 - q. Let b be j(-4). What is d(b)?
-8
Let k be (2 - (-17)/5) + 2/(-5). Let n(x) = x**3 - 5*x**2 + 3*x - 1. Calculate n(k).
14
Suppose 20 - 55 = -5*w. Suppose -5*s + 8 = -w*s. Let r(q) = q**3 + 3*q**2 - 5*q - 1. Give r(s).
3
Let t(n) = 1 + 27*n**2 + 24*n**2 + n**3 - 48*n**2 + 2*n. Let d be t(-1). Let k(a) = 4*a**3 - 2*a**2 + a. Calculate k(d).
3
Let z(p) = 1 - 3*p - p - 2. Let n = 28 + -29. What is z(n)?
3
Let d(m) be the third derivative of 1/8*m**4 + 0*m + 0 + 2*m**2 + 5/6*m**3. Suppose 4 + 8 = -3*y. Determine d(y).
-7
Suppose 0*x + 2*x + 2 = 0. Let m = -2 + x. Let a(s) = -s**2 - 4*s + 1. Give a(m).
4
Let b(u) = -2*u**2 - 6*u**2 + 4*u**2 + 2*u**3 + 0*u**3 - 10 + 7*u. Let z(o) = o**3 - o**2 + 2*o - 3. Let q(w) = 2*b(w) - 7*z(w). Give q(1).
-3
Let z(u) = -4*u - 1. Suppose 0 = -3*g + 15, -4*j = g - 4 + 3. Determine z(j).
3
Let w(d) = -2*d + 7. Let q be -2 - (7 - (0 - -4)). Give w(q).
17
Let v(k) be the third derivative of -k**4/12 + k**3 - 21*k**2. What is v(-5)?
16
Suppose 0*q = 3*q + 6. Let t(h) = 0*h**2 - 2*h + h**3 - 4*h**3 - h**2 + 2*h**3. Calculate t(q).
8
Let f be ((-12)/(-30))/(2/40). Suppose y - f = -2. Let i(d) = -d**3 + 7*d**2 - 5*d + 2. Calculate i(y).
8
Let o(r) be the second derivative of -r**5/20 - 5*r**4/6 - 4*r**3/3 - 3*r**2 + 5*r + 2. Determine o(-9).
-15
Suppose -3*h = -4*h. Let k(x) be the second derivative of -2*x + h - x**2 - 1/6*x**3. Calculate k(0).
-2
Let h(x) = -9*x**3 - x**2 + x + 1. Let y(w) = w**3 + 6*w**2 + w + 5. Let m be y(-6). Let k be 40/(-30) - m/3. Determine h(k).
8
Let b(h) = h**3 + 13*h**2 + 12*h + 3. Let l be b(-12). Suppose -u - 10 = l*w - 0*w, -11 = -u + 4*w. Let j(f) = 6*f**3 - 1. Calculate j(u).
-7
Let p(l) = 3*l**3 - l. Let w be (2/(-3))/(6/9). Give p(w).
-2
Let t be 2 + (1 - 4)*2. Let l = 4 + t. Let o(s) = 1 + l + 0 + s - 2*s. Calculate o(-3).
4
Let p = 0 + 0. Let i(b) be the third derivative of b**5/60 + b**3 + 3*b**2. Calculate i(p).
6
Let m(g) be the second derivative of -3/2*g**2 + 1/12*g**4 - g - 1/2*g**3 + 0. Suppose -5*i - 2*h = h - 29, 0 = -3*i - h + 15. Give m(i).
1
Let y(f) = -f**3 - f**2 + 2*f - 1. Let a(w) = w**3 - 8*w**2 - 2. Let n be a(8). Let j be y(n). Let g(x) = x**3 + 2*x**2 - 1. What is g(j)?
0
Let t(g) be the second derivative of g**5/20 - g**4/12 - g**3/3 - g**2/2 - g. Let k be t(-1). Let j(n) = -45*n**2 + 1 + 95*n**2 - 49*n**2. Calculate j(k).
2
Let b(i) = -i + 5. Suppose 3*r - r - 8 = 2*u, 36 = 3*r + 3*u. Determine b(r).
-3
Let q(s) be the second derivative of 0 + 7/6*s**3 - 3*s + 1/20*s**5 - 7/2*s**2 - 1/2*s**4. Calculate q(5).
3
Let h(g) = g - 1. Let p be -2*(-1 - (1 - 3)). Let o(m) = -8. Let u(a) = p*h(a) + o(a). Calculate u(-5).
4
Let x(t) = t. Let v(h) = 6*h + 1. Let g(u) = v(u) - 3*x(u). Calculate g(-1).
-2
Suppose -7*o = 19 + 23. Let f(b) = b**3 + 5*b**2 - 7*b + 1. Calculate f(o).
7
Let x(m) = -m**2 - 2*m**2 + 6*m + 2*m**2 - 5. Let g be x(6). Let o(j) = -2*j + 9. Let c(q) = -8*q + 28. Let d(s) = 2*c(s) - 7*o(s). Calculate d(g).
3
Let p(b) = -2*b**2 - 6*b + 8. Let n(v) = -v**2 - 3*v + 4. Let k(r) = 5*n(r) - 2*p(r). Determine k(-5).
-6
Let k(r) = r**3 + 3*r**2 + r - 2. Let s be k(-3). Let x(n) = n. Give x(s).
-5
Let o = 8 - 15. Let v = 2 + o. Let s(q) be the second derivative of -q**4/12 - q**3/6 + 7*q**2/2 + 20*q. What is s(v)?
-13
Let m(g) = -g**3 + 2*g**2 + 3*g - 2. Let h = 10 - 7. Calculate m(h).
-2
Let b(m) = -4*m. Let g be 4/12 + 14/3. Let j = g + -4. Determine b(j).
-4
Let w(a) = 9*a + 1. Let h(q) = -10*q - 1. Let f(p) = -2*h(p) - 3*w(p). What is f(-1)?
6
Let n(k) = k. Let u be 9 + -12 - (0 + -3). Suppose u*x - 2*z = -x - 1, 0 = 5*x - 5*z - 5. Calculate n(x).
3
Let j(p) be the second derivative of 1/3*p**3 + 6*p + 0 - 1/3*p**4 - 1/2*p**2. Determine j(1).
-3
Let m(l) = l**3 + l**2 + l + 1. Suppose 5*s - 4*s = -2. Let x be (s/(-4)*0)/2. Suppose x = -4*a + a. What is m(a)?
1
Let o(t) be the second derivative of t**4/12 - t**3/2 - t**2 - 15*t. Let b be 2/7 + 116/(-14). Let i = b - -13. Give o(i).
8
Let y be 28/(-6) + 8/12. Let l be (y/(-8))/(2/48). Suppose -v - l = 3*v. Let r(a) = a**3 + 3*a**2 - 3*a - 3. Give r(v).
6
Let g = -20 - -24. Let o(j) = -6*j + 5. Determine o(g).
-19
Let r(n) = -2*n + 1. Suppose -5*d - 4 = -6*d. Determine r(d).
-7
Let f(l) = -13*l**2 + 2*l**2 + 3*l**2 - 1 + 7*l**2. Determine f(-2).
-5
Let n(i) = 5 + 13*i**2 + 3*i + 8*i**2 - 30*i**2 + 8*i**2. Calculate n(5).
-5
Let h(u) = u**3 - 6*u**2 + 5*u + 7. Suppose 7*c - 2 - 33 = 0. What is h(c)?
7
Let j(w) = -3*w. Let s be j(1). Let m(f) = f**2 + 5*f - 4. Let o be m(-5). Let b(g) = -8*g + 12. Let h(i) = 3*i - 4. Let k(l) = o*b(l) - 11*h(l). What is k(s)?
-1
Let p(b) = 1 + 83*b - 163*b + 79*b. What is p(4)?
-3
Let x(u) = -3*u**2 + 18*u - 21. Let j(w) = 2*w**2 - 9*w + 10. Let g(l) = 5*j(l) + 3*x(l). Let t be g(-10). Let p(f) = f + 2. Calculate p(t).
-1
Let a(f) = f**2 - 6*f + 2. Let p be (-2)/(15/6 + -3). Give a(p).
-6
Let l be 3 - 1/3*0. Suppose 0 = l*s - 1 - 5. Let v be s/8 - (-21)/28. Let i(y) = -3*y**3 - 2*y**2 + y. Determine i(v).
-4
Let y(h) = h**3 + 4*h**2 - 7*h - 2. Let z be (-10 - -12)/((-4)/10). Give y(z).
8
Let g(b) = 91*b - 89*b + 2 - 15. Determine g(11).
9
Let y(k) be the first derivative of 1 + 0*k**2 + 2*k**2 + k - k**2. Calculate y(2).
5
Let u(w) = -w**3 + 5*w**2 - 4*w. Suppose -2*m = 3*q - 5, -3*q + 4*m + 26 = 9. Calculate u(q).
6
Let k = 19 + -16. Let h(o) = k*o + 3*o - 4*o + 3. Let q(u) = -2*u + 6. Let v be q(4). Determine h(v).
-1
Let n(q) = -1 - q**2 + 2*q + q**2 - q**2. Let b(z) = -z - 1. Let v be b(-3). Let o be (-1 + 0 - -3)/v. What is n(o)?
0
Let s(v) = v**3 + 8*v**2 - 8*v + 2. Let c be (-4)/20*9*5. Determine s(c).
-7
Let g(q) = q**2 + 3*q. Let j be g(-4). Suppose j = 2*s - 2. Let d(o) = 5*o - o + 0*o - o + s. What is d(-3)?
-6
Let t be 71/24*3 + 1/8. Let u(l) = l**2 - 10*l + 4. Give u(t).
-5
Let k(o) = -o**2 + 1 + 6*o**2 - o**2. Let n(h) = -4*h**2 - 1. Let s be 1 + -4 - (-2 + 2). Let q(m) = s*n(m) - 4*k(m). What is q(1)?
-5
Let q(r) = r**2 + 2. Let a(k) = 2*k**3 - 2*k**2 + k + 1. Let g be a(1). Calculate q(g).
6
Let v(j) = -j + 2. Let c be v(4). Suppose -5*h + 48 - 13 = 0. Let b = h + c. Let o(q) = -q**3 + 6*q**2 - 4*q + 1. Give o(b).
6
Let p be 1/((2/(-4))/((-4)/(-8))). Let i(k) = -3*k**2. Calculate i(p).
-3
Let u(n) = -2*n + 11. Let g be u(8). Let l(d) = -d**2 - 6*d - 1. Calculate l(g).
4
Let i be -2*(2/(-9))/(8/(-18)). Let c(q) = -8*q + 1. Give c(i).
9
Let o(y) = 1 + 63*y**2 - y - 2*y**3 + 3*y**3 + 2*y**3 - 64*y**2. What is o(2)?
19
Suppose 3*v = -4*i - 2*v + 16, -3*i = v - 23. Let w be 6/4*(-24)/i. Let y(b) = b**2 + 2*b + 5. What is y(w)?
13
Let t = 75 + -1. Let i be (-3)/(6/t) - -1. Let o be ((-2)/6)/(4/i). Let z(m) = -2*m**2 + 5*m - 3. Give z(o).
-6
Let b = -11 - -6. Let u(f) = f**3 + 5*f**2 - 2*f - 7. What is u(b)?
3
Let z be 10/5*(-15)/(-6). Let w = -4 + 9. Let m(r) = 0*r + r**3 + 3*r - 4*r - w*r**2. Give m(z).
-5
Let l(p) = p**2 + p + 1. Suppose 16 = -4*z, -5*z + z - 8 = 2*i. Let s(k) = -k**3 - 7*k**2 - 6. Let v be s(-7). Let a = v + i. Calculate l(a).
3
Let y(i) be the first derivative of i**3/3 + 3*i**2/2 - 5*i + 1. Let s(u) = u**2 - 9*u + 2. Let n be s(10). Suppose 2*d + d + n = 0. Give y(d).
-1
Let b(w) = -w**3 - 4*w**2 - w - 3. Let o be b(-4). Let v(u) = -2 + 0 + 6*u - o. Determine v(2).
9
Let z(t) be the first derivative of t**3/3 + 3*t**2 - 12*t - 30. Give z(-9).
15
Let q(p) be the first derivative of 3/2*p**2 + 2 - 1/4*p**4 - 2*p + 0*p**3. Suppose y = s - 1, 7*s - 3*y = 2*s + 7. Calculate q(s).
-4
Let k(z) = 4*z**2 + 1. Let c be (1 - 1 - -1)/1. Suppose o + 3*h = 2 - c, o + 2*h = 1. Give k(o).
5
Let x be ((-2)/6)/((-5)/15). Let w(b) = -4*b - 1 - 3 + 5. Give w(x).
-3
Suppose -2*j - 5*q = 14, -3*q - 2*q - 20 = 0. Let s be 2/j*(-18)/(-4). Let x = 3 - s. Let w(t) = t + 3. Calculate w(x).
3
Let b(a) = a**2 + 7*a + 7. Suppose -g + 6*g + 55 = 5*p, -2*g = 3*p - 3. Give b(g).
1
Suppose 0 = 5*d - 216 + 16. Suppose -5*g - 5 = -d. Let h = g + -8. Let y(a) = -4*a**3 - 2*a**2 + 1. What is y(h)?
3
Let u(i) = -7*i - 5. Let p(v) = -3*v - 3. Let g(d) = -9*p(d) + 4*u(d). What is g(-6)?
13
Let d be 6 - -2 - 14/7. Suppose 7*r = d*r + 8. Let c(z) = z**3 - 7*z**2 - 8*z - 4. Give c(r).
-4
Let l(r) be the first derivative of r**5/20 + r**2 - 7*r - 7. Let 